{"id":14900,"date":"2025-03-18T13:22:15","date_gmt":"2025-03-18T12:22:15","guid":{"rendered":"https:\/\/makarska-info.hr\/?page_id=14900"},"modified":"2026-02-10T07:49:14","modified_gmt":"2026-02-10T06:49:14","slug":"mletacka-cesma","status":"publish","type":"page","link":"https:\/\/makarska-info.hr\/en\/mletacka-cesma\/","title":{"rendered":"Mleta\u010dka \u010desma"},"content":{"rendered":"\t\t<div data-elementor-type=\"wp-page\" data-elementor-id=\"14900\" class=\"elementor elementor-14900\" data-elementor-post-type=\"page\">\n\t\t\t\t<div class=\"elementor-element elementor-element-34b80a05 e-con-full e-flex e-con e-parent\" data-id=\"34b80a05\" data-element_type=\"container\" data-e-type=\"container\" data-settings=\"{&quot;background_background&quot;:&quot;classic&quot;}\">\n\t\t\t\t<\/div>\n\t\t<div class=\"elementor-element elementor-element-32de47de e-con-full e-flex e-con e-parent\" data-id=\"32de47de\" data-element_type=\"container\" data-e-type=\"container\">\n\t\t<div class=\"elementor-element elementor-element-9b99143 e-con-full elementor-hidden-mobile_extra elementor-hidden-mobile e-flex e-con e-child\" data-id=\"9b99143\" data-element_type=\"container\" data-e-type=\"container\" data-settings=\"{&quot;background_background&quot;:&quot;classic&quot;}\">\n\t\t\t\t<\/div>\n\t\t<div class=\"elementor-element elementor-element-965b853 e-con-full e-flex e-con e-child\" data-id=\"965b853\" data-element_type=\"container\" data-e-type=\"container\">\n\t\t\t\t<div class=\"elementor-element elementor-element-5eddb37d elementor-widget__width-initial elementor-widget elementor-widget-heading\" data-id=\"5eddb37d\" data-element_type=\"widget\" data-e-type=\"widget\" data-widget_type=\"heading.default\">\n\t\t\t\t<div class=\"elementor-widget-container\">\n\t\t\t\t\t<h1 class=\"elementor-heading-title elementor-size-default\">MLETA\u010cKA \u010cESMA<\/h1>\t\t\t\t<\/div>\n\t\t\t\t<\/div>\n\t\t\t\t<div class=\"elementor-element elementor-element-4059faad elementor-widget__width-initial elementor-widget-mobile__width-initial elementor-widget elementor-widget-text-editor\" data-id=\"4059faad\" data-element_type=\"widget\" data-e-type=\"widget\" data-widget_type=\"text-editor.default\">\n\t\t\t\t<div class=\"elementor-widget-container\">\n\t\t\t\t\t\t\t\t\t<p>Na samom Ka\u010di\u0107evom trgu nalazi se i Mleta\u010dka \u010desma, jedan od najstarijih spomenika u gradu. Ova \u010desma, podignuta u 18. stolje\u0107u za vrijeme vladavine Mle\u010dana, svjedo\u010di o dugoj i bogatoj povijesti Makarske. Izgradio ju je Ioseppo Bisazzio, a zna\u010dajna je i po tome \u0161to joj je na desnoj bo\u010dnoj strani uklesan grb, koji se i danas koristi kao slu\u017ebeni znak grada Makarske. Izgra\u0111ena od kamena s uklesanim natpisom i grbom Mleta\u010dke Republike, \u010desma je nekada slu\u017eila kao glavni izvor pitke vode za stanovnike grada.<\/p>\t\t\t\t\t\t\t\t<\/div>\n\t\t\t\t<\/div>\n\t\t\t\t<\/div>\n\t\t\t\t<\/div>\n\t\t<div class=\"elementor-element elementor-element-13870a0a e-con-full e-flex e-con e-parent\" data-id=\"13870a0a\" data-element_type=\"container\" data-e-type=\"container\">\n\t\t<div class=\"elementor-element elementor-element-9830f6 e-con-full e-flex e-con e-child\" data-id=\"9830f6\" data-element_type=\"container\" data-e-type=\"container\">\n\t\t<div class=\"elementor-element elementor-element-4e2e2be3 e-con-full e-flex e-con e-child\" data-id=\"4e2e2be3\" data-element_type=\"container\" data-e-type=\"container\">\n\t\t\t\t<div class=\"elementor-element elementor-element-21358bb0 elementor-widget__width-initial elementor-widget-mobile__width-initial elementor-widget elementor-widget-text-editor\" data-id=\"21358bb0\" data-element_type=\"widget\" data-e-type=\"widget\" data-widget_type=\"text-editor.default\">\n\t\t\t\t<div class=\"elementor-widget-container\">\n\t\t\t\t\t\t\t\t\t<p>Danas je Mleta\u010dka \u010desma nezaobilazna atrakcija za posjetitelje, a njezina autenti\u010dna ljepota dodatno oboga\u0107uje povijesni ambijent Ka\u010di\u0107eva trga. Uz spomenik Andriji Ka\u010di\u0107u Mio\u0161i\u0107u, \u010desma podsje\u0107a na slojevitu pro\u0161lost Makarske, koja je kroz stolje\u0107a bila pod utjecajem razli\u010ditih kultura i civilizacija. O\u010duvana kroz godine, \u010desma predstavlja spoj umjetnosti, arhitekture i povijesti te svjedo\u010di o zna\u010daju Mleta\u010dke Republike u razvoju grada.<\/p>\t\t\t\t\t\t\t\t<\/div>\n\t\t\t\t<\/div>\n\t\t\t\t<\/div>\n\t\t\t\t<\/div>\n\t\t<div class=\"elementor-element elementor-element-310b594b e-con-full e-flex e-con e-child\" data-id=\"310b594b\" data-element_type=\"container\" data-e-type=\"container\" data-settings=\"{&quot;background_background&quot;:&quot;classic&quot;,&quot;background_motion_fx_motion_fx_scrolling&quot;:&quot;yes&quot;,&quot;background_motion_fx_opacity_effect&quot;:&quot;yes&quot;,&quot;background_motion_fx_opacity_level&quot;:{&quot;unit&quot;:&quot;px&quot;,&quot;size&quot;:5.9,&quot;sizes&quot;:[]},&quot;background_motion_fx_opacity_direction&quot;:&quot;out-in&quot;,&quot;background_motion_fx_opacity_range&quot;:{&quot;unit&quot;:&quot;%&quot;,&quot;size&quot;:&quot;&quot;,&quot;sizes&quot;:{&quot;start&quot;:20,&quot;end&quot;:80}},&quot;background_motion_fx_devices&quot;:[&quot;widescreen&quot;,&quot;desktop&quot;,&quot;laptop&quot;,&quot;tablet_extra&quot;,&quot;tablet&quot;,&quot;mobile_extra&quot;,&quot;mobile&quot;]}\">\n\t\t\t\t<div class=\"elementor-element elementor-element-55102239 elementor-invisible elementor-widget elementor-widget-image\" data-id=\"55102239\" data-element_type=\"widget\" data-e-type=\"widget\" data-settings=\"{&quot;_animation&quot;:&quot;zoomIn&quot;}\" data-widget_type=\"image.default\">\n\t\t\t\t<div class=\"elementor-widget-container\">\n\t\t\t\t\t\t\t\t\t\t\t\t\t\t\t<img fetchpriority=\"high\" decoding=\"async\" width=\"600\" height=\"600\" src=\"https:\/\/makarska-info.hr\/wp-content\/uploads\/2025\/03\/Untitled-1.png\" class=\"attachment-full size-full wp-image-14902\" alt=\"mleta\u010dka \u010desma\" srcset=\"https:\/\/makarska-info.hr\/wp-content\/uploads\/2025\/03\/Untitled-1.png 600w, https:\/\/makarska-info.hr\/wp-content\/uploads\/2025\/03\/Untitled-1-300x300.png 300w, https:\/\/makarska-info.hr\/wp-content\/uploads\/2025\/03\/Untitled-1-150x150.png 150w\" sizes=\"(max-width: 600px) 100vw, 600px\" \/>\t\t\t\t\t\t\t\t\t\t\t\t\t\t\t<\/div>\n\t\t\t\t<\/div>\n\t\t\t\t<\/div>\n\t\t\t\t<\/div>\n\t\t<div class=\"elementor-element elementor-element-57ae1560 e-con-full e-flex e-con e-parent\" data-id=\"57ae1560\" data-element_type=\"container\" data-e-type=\"container\">\n\t\t\t\t<div class=\"elementor-element elementor-element-798449f7 elementor-widget__width-inherit elementor-widget elementor-widget-google_maps\" data-id=\"798449f7\" data-element_type=\"widget\" data-e-type=\"widget\" data-widget_type=\"google_maps.default\">\n\t\t\t\t<div class=\"elementor-widget-container\">\n\t\t\t\t\t\t\t<div class=\"elementor-custom-embed\">\n\t\t\t<iframe loading=\"lazy\"\n\t\t\t\t\tsrc=\"https:\/\/maps.google.com\/maps?q=Mleta%C4%8Dka%20%C4%8Desma&#038;t=m&#038;z=15&#038;output=embed&#038;iwloc=near\"\n\t\t\t\t\ttitle=\"Mleta\u010dka \u010desma\"\n\t\t\t\t\taria-label=\"Mleta\u010dka \u010desma\"\n\t\t\t><\/iframe>\n\t\t<\/div>\n\t\t\t\t\t\t<\/div>\n\t\t\t\t<\/div>\n\t\t\t\t<\/div>\n\t\t\t\t<\/div>\n\t\t","protected":false},"excerpt":{"rendered":"<p>MLETA\u010cKA \u010cESMA Na samom Ka\u010di\u0107evom trgu nalazi se i Mleta\u010dka \u010desma, jedan od najstarijih spomenika u gradu. Ova \u010desma, podignuta u 18. stolje\u0107u za vrijeme vladavine Mle\u010dana, svjedo\u010di o dugoj&hellip;&nbsp;<a href=\"https:\/\/makarska-info.hr\/en\/mletacka-cesma\/\" rel=\"bookmark\">Read More &raquo;<span class=\"screen-reader-text\">Mleta\u010dka \u010desma<\/span><\/a><\/p>","protected":false},"author":1,"featured_media":0,"parent":0,"menu_order":0,"comment_status":"closed","ping_status":"closed","template":"","meta":{"neve_meta_sidebar":"","neve_meta_container":"","neve_meta_enable_content_width":"","neve_meta_content_width":0,"neve_meta_title_alignment":"","neve_meta_author_avatar":"","neve_post_elements_order":"","neve_meta_disable_header":"","neve_meta_disable_footer":"","neve_meta_disable_title":"","footnotes":""},"class_list":["post-14900","page","type-page","status-publish","hentry"],"_links":{"self":[{"href":"https:\/\/makarska-info.hr\/en\/wp-json\/wp\/v2\/pages\/14900","targetHints":{"allow":["GET"]}}],"collection":[{"href":"https:\/\/makarska-info.hr\/en\/wp-json\/wp\/v2\/pages"}],"about":[{"href":"https:\/\/makarska-info.hr\/en\/wp-json\/wp\/v2\/types\/page"}],"author":[{"embeddable":true,"href":"https:\/\/makarska-info.hr\/en\/wp-json\/wp\/v2\/users\/1"}],"replies":[{"embeddable":true,"href":"https:\/\/makarska-info.hr\/en\/wp-json\/wp\/v2\/comments?post=14900"}],"version-history":[{"count":4,"href":"https:\/\/makarska-info.hr\/en\/wp-json\/wp\/v2\/pages\/14900\/revisions"}],"predecessor-version":[{"id":14905,"href":"https:\/\/makarska-info.hr\/en\/wp-json\/wp\/v2\/pages\/14900\/revisions\/14905"}],"wp:attachment":[{"href":"https:\/\/makarska-info.hr\/en\/wp-json\/wp\/v2\/media?parent=14900"}],"curies":[{"name":"wp","href":"https:\/\/api.w.org\/{rel}","templated":true}]}}

Mletačka česma

<div data-elementor-type="wp-page" data-elementor-id="14900" class="elementor elementor-14900" data-elementor-post-type="page">
				<div class="elementor-element elementor-element-34b80a05 e-con-full e-flex e-con e-parent" data-id="34b80a05" data-element_type="container" data-e-type="container" data-settings="{&quot;background_background&quot;:&quot;classic&quot;}">
				</div>
		<div class="elementor-element elementor-element-32de47de e-con-full e-flex e-con e-parent" data-id="32de47de" data-element_type="container" data-e-type="container">
		<div class="elementor-element elementor-element-9b99143 e-con-full elementor-hidden-mobile_extra elementor-hidden-mobile e-flex e-con e-child" data-id="9b99143" data-element_type="container" data-e-type="container" data-settings="{&quot;background_background&quot;:&quot;classic&quot;}">
				</div>
		<div class="elementor-element elementor-element-965b853 e-con-full e-flex e-con e-child" data-id="965b853" data-element_type="container" data-e-type="container">
				<div class="elementor-element elementor-element-5eddb37d elementor-widget__width-initial elementor-widget elementor-widget-heading" data-id="5eddb37d" data-element_type="widget" data-e-type="widget" data-widget_type="heading.default">
				<div class="elementor-widget-container">
					<h1 class="elementor-heading-title elementor-size-default">MLETAČKA ČESMA</h1>				</div>
				</div>
				<div class="elementor-element elementor-element-4059faad elementor-widget__width-initial elementor-widget-mobile__width-initial elementor-widget elementor-widget-text-editor" data-id="4059faad" data-element_type="widget" data-e-type="widget" data-widget_type="text-editor.default">
				<div class="elementor-widget-container">
									<p>Na samom Kačićevom trgu nalazi se i Mletačka česma, jedan od najstarijih spomenika u gradu. Ova česma, podignuta u 18. stoljeću za vrijeme vladavine Mlečana, svjedoči o dugoj i bogatoj povijesti Makarske. Izgradio ju je Ioseppo Bisazzio, a značajna je i po tome što joj je na desnoj bočnoj strani uklesan grb, koji se i danas koristi kao službeni znak grada Makarske. Izgrađena od kamena s uklesanim natpisom i grbom Mletačke Republike, česma je nekada služila kao glavni izvor pitke vode za stanovnike grada.</p>								</div>
				</div>
				</div>
				</div>
		<div class="elementor-element elementor-element-13870a0a e-con-full e-flex e-con e-parent" data-id="13870a0a" data-element_type="container" data-e-type="container">
		<div class="elementor-element elementor-element-9830f6 e-con-full e-flex e-con e-child" data-id="9830f6" data-element_type="container" data-e-type="container">
		<div class="elementor-element elementor-element-4e2e2be3 e-con-full e-flex e-con e-child" data-id="4e2e2be3" data-element_type="container" data-e-type="container">
				<div class="elementor-element elementor-element-21358bb0 elementor-widget__width-initial elementor-widget-mobile__width-initial elementor-widget elementor-widget-text-editor" data-id="21358bb0" data-element_type="widget" data-e-type="widget" data-widget_type="text-editor.default">
				<div class="elementor-widget-container">
									<p>Danas je Mletačka česma nezaobilazna atrakcija za posjetitelje, a njezina autentična ljepota dodatno obogaćuje povijesni ambijent Kačićeva trga. Uz spomenik Andriji Kačiću Miošiću, česma podsjeća na slojevitu prošlost Makarske, koja je kroz stoljeća bila pod utjecajem različitih kultura i civilizacija. Očuvana kroz godine, česma predstavlja spoj umjetnosti, arhitekture i povijesti te svjedoči o značaju Mletačke Republike u razvoju grada.</p>								</div>
				</div>
				</div>
				</div>
		<div class="elementor-element elementor-element-310b594b e-con-full e-flex e-con e-child" data-id="310b594b" data-element_type="container" data-e-type="container" data-settings="{&quot;background_background&quot;:&quot;classic&quot;,&quot;background_motion_fx_motion_fx_scrolling&quot;:&quot;yes&quot;,&quot;background_motion_fx_opacity_effect&quot;:&quot;yes&quot;,&quot;background_motion_fx_opacity_level&quot;:{&quot;unit&quot;:&quot;px&quot;,&quot;size&quot;:5.9,&quot;sizes&quot;:[]},&quot;background_motion_fx_opacity_direction&quot;:&quot;out-in&quot;,&quot;background_motion_fx_opacity_range&quot;:{&quot;unit&quot;:&quot;%&quot;,&quot;size&quot;:&quot;&quot;,&quot;sizes&quot;:{&quot;start&quot;:20,&quot;end&quot;:80}},&quot;background_motion_fx_devices&quot;:[&quot;widescreen&quot;,&quot;desktop&quot;,&quot;laptop&quot;,&quot;tablet_extra&quot;,&quot;tablet&quot;,&quot;mobile_extra&quot;,&quot;mobile&quot;]}">
				<div class="elementor-element elementor-element-55102239 elementor-invisible elementor-widget elementor-widget-image" data-id="55102239" data-element_type="widget" data-e-type="widget" data-settings="{&quot;_animation&quot;:&quot;zoomIn&quot;}" data-widget_type="image.default">
				<div class="elementor-widget-container">
															<img fetchpriority="high" decoding="async" width="600" height="600" src="https://makarska-info.hr/wp-content/uploads/2025/03/Untitled-1.png" class="attachment-full size-full wp-image-14902" alt="mletačka česma" srcset="https://makarska-info.hr/wp-content/uploads/2025/03/Untitled-1.png 600w, https://makarska-info.hr/wp-content/uploads/2025/03/Untitled-1-300x300.png 300w, https://makarska-info.hr/wp-content/uploads/2025/03/Untitled-1-150x150.png 150w" sizes="(max-width: 600px) 100vw, 600px" />															</div>
				</div>
				</div>
				</div>
		<div class="elementor-element elementor-element-57ae1560 e-con-full e-flex e-con e-parent" data-id="57ae1560" data-element_type="container" data-e-type="container">
				<div class="elementor-element elementor-element-798449f7 elementor-widget__width-inherit elementor-widget elementor-widget-google_maps" data-id="798449f7" data-element_type="widget" data-e-type="widget" data-widget_type="google_maps.default">
				<div class="elementor-widget-container">
							<div class="elementor-custom-embed">
			<iframe loading="lazy"
					src="https://maps.google.com/maps?q=Mleta%C4%8Dka%20%C4%8Desma&#038;t=m&#038;z=15&#038;output=embed&#038;iwloc=near"
					title="Mletačka česma"
					aria-label="Mletačka česma"
			></iframe>
		</div>
						</div>
				</div>
				</div>
				</div>

<p>MLETAČKA ČESMA Na samom Kačićevom trgu nalazi se i Mletačka česma, jedan od najstarijih spomenika u gradu. Ova česma, podignuta u 18. stoljeću za vrijeme vladavine Mlečana, svjedoči o dugoj&hellip;&nbsp;<a href="https://makarska-info.hr/en/mletacka-cesma/" rel="bookmark">Read More &raquo;<span class="screen-reader-text">Mletačka česma</span></a></p>
