{"id":14909,"date":"2025-03-19T07:23:10","date_gmt":"2025-03-19T06:23:10","guid":{"rendered":"https:\/\/makarska-info.hr\/?page_id=14909"},"modified":"2026-02-02T08:32:42","modified_gmt":"2026-02-02T07:32:42","slug":"franjevacki-samostan","status":"publish","type":"page","link":"https:\/\/makarska-info.hr\/en\/franjevacki-samostan\/","title":{"rendered":"Franjeva\u010dki samostan"},"content":{"rendered":"\t\t<div data-elementor-type=\"wp-page\" data-elementor-id=\"14909\" class=\"elementor elementor-14909\" data-elementor-post-type=\"page\">\n\t\t\t\t<div class=\"elementor-element elementor-element-3cd4fdde e-con-full e-flex e-con e-parent\" data-id=\"3cd4fdde\" data-element_type=\"container\" data-e-type=\"container\" data-settings=\"{&quot;background_background&quot;:&quot;classic&quot;}\">\n\t\t\t\t<\/div>\n\t\t<div class=\"elementor-element elementor-element-1228790e e-con-full e-flex e-con e-parent\" data-id=\"1228790e\" data-element_type=\"container\" data-e-type=\"container\">\n\t\t<div class=\"elementor-element elementor-element-32c100a0 e-con-full elementor-hidden-mobile_extra elementor-hidden-mobile e-flex e-con e-child\" data-id=\"32c100a0\" data-element_type=\"container\" data-e-type=\"container\" data-settings=\"{&quot;background_background&quot;:&quot;classic&quot;}\">\n\t\t\t\t<\/div>\n\t\t<div class=\"elementor-element elementor-element-41c2e69a e-con-full e-flex e-con e-child\" data-id=\"41c2e69a\" data-element_type=\"container\" data-e-type=\"container\">\n\t\t\t\t<div class=\"elementor-element elementor-element-5224e294 elementor-widget__width-initial elementor-widget elementor-widget-heading\" data-id=\"5224e294\" data-element_type=\"widget\" data-e-type=\"widget\" data-widget_type=\"heading.default\">\n\t\t\t\t<div class=\"elementor-widget-container\">\n\t\t\t\t\t<h1 class=\"elementor-heading-title elementor-size-default\">FRANJEVA\u010cKI SAMOSTAN<\/h1>\t\t\t\t<\/div>\n\t\t\t\t<\/div>\n\t\t\t\t<div class=\"elementor-element elementor-element-7a0e4ba0 elementor-widget__width-initial elementor-widget-mobile__width-initial elementor-widget elementor-widget-text-editor\" data-id=\"7a0e4ba0\" data-element_type=\"widget\" data-e-type=\"widget\" data-widget_type=\"text-editor.default\">\n\t\t\t\t<div class=\"elementor-widget-container\">\n\t\t\t\t\t\t\t\t\t<p>Na ju\u017enoj strani makarske luke smjestio se Franjeva\u010dki samostan Bla\u017eene Djevice Marije, jedan od najva\u017enijih kulturnih i duhovnih sredi\u0161ta Makarske rivijere. Njegova gradnja zapo\u010dela je 1502. godine, a tijekom stolje\u0107a do\u017eivio je brojne nadogradnje i preinake. Uz samostan su izgra\u0111eni crkva, klaustar i zvonik. Franjevci su u Makarsku do\u0161li krajem 15. stolje\u0107a i u po\u010detku su \u017eivjeli izvan tada\u0161njeg naselja, pokraj crkve sv. Marije. Godine 1518. njihovo je prebivali\u0161te slu\u017ebeno progla\u0161eno samostanom. Me\u0111utim, turbulentna povijest ostavila je traga na ovom zdanju. Tijekom Ciparskog rata (1570. \u2013 1573.), Mle\u010dani su iz vojnih razloga poru\u0161ili samostan 1572. godine, a ubrzo nakon toga Turci su sru\u0161ili i crkvu.<\/p>\t\t\t\t\t\t\t\t<\/div>\n\t\t\t\t<\/div>\n\t\t\t\t<\/div>\n\t\t\t\t<\/div>\n\t\t<div class=\"elementor-element elementor-element-35449025 e-con-full e-flex e-con e-parent\" data-id=\"35449025\" data-element_type=\"container\" data-e-type=\"container\">\n\t\t<div class=\"elementor-element elementor-element-3e55148a e-con-full e-flex e-con e-child\" data-id=\"3e55148a\" data-element_type=\"container\" data-e-type=\"container\">\n\t\t<div class=\"elementor-element elementor-element-730dc9ad e-con-full e-flex e-con e-child\" data-id=\"730dc9ad\" data-element_type=\"container\" data-e-type=\"container\">\n\t\t\t\t<div class=\"elementor-element elementor-element-294a72e0 elementor-widget__width-initial elementor-widget-mobile__width-initial elementor-widget elementor-widget-text-editor\" data-id=\"294a72e0\" data-element_type=\"widget\" data-e-type=\"widget\" data-widget_type=\"text-editor.default\">\n\t\t\t\t<div class=\"elementor-widget-container\">\n\t\t\t\t\t\t\t\t\t<p>Tijekom Kandijskog rata u 17. stolje\u0107u, Turci su zapalili dio samostana i crkve, a dodatna o\u0161te\u0107enja nastala su 1667. godine uslijed sna\u017enog potresa. Unato\u010d brojnim neda\u0107ama, samostan je obnovljen i o\u010duvan do danas.\u00a0 Jedna od najve\u0107ih vrijednosti Franjeva\u010dkog samostana jest njegova bogata knji\u017enica, koja sadr\u017ei oko 5000 knjiga, uklju\u010duju\u0107i 24 inkunabule, rijetke rukopise i brojne \u010dasopise. Ova zbirka svjedo\u010di o vi\u0161estoljetnom intelektualnom i duhovnom doprinosu franjevaca u Makarskoj i \u0161ire. Danas samostan predstavlja nezaobilazno mjesto za sve koji \u017eele istra\u017eiti povijest, kulturu i duhovnu ba\u0161tinu Makarske. Njegova impozantna arhitektura, zbirke i mirna atmosfera \u010dine ga savr\u0161enim odredi\u0161tem za posjetitelje koji \u017eele osjetiti duh pro\u0161lih vremena i bogatu tradiciju franjeva\u010dkog reda.<\/p>\t\t\t\t\t\t\t\t<\/div>\n\t\t\t\t<\/div>\n\t\t\t\t<\/div>\n\t\t\t\t<\/div>\n\t\t<div class=\"elementor-element elementor-element-58ec184d e-con-full e-flex e-con e-child\" data-id=\"58ec184d\" data-element_type=\"container\" data-e-type=\"container\" data-settings=\"{&quot;background_background&quot;:&quot;classic&quot;,&quot;background_motion_fx_motion_fx_scrolling&quot;:&quot;yes&quot;,&quot;background_motion_fx_opacity_effect&quot;:&quot;yes&quot;,&quot;background_motion_fx_opacity_level&quot;:{&quot;unit&quot;:&quot;px&quot;,&quot;size&quot;:5.9,&quot;sizes&quot;:[]},&quot;background_motion_fx_opacity_direction&quot;:&quot;out-in&quot;,&quot;background_motion_fx_opacity_range&quot;:{&quot;unit&quot;:&quot;%&quot;,&quot;size&quot;:&quot;&quot;,&quot;sizes&quot;:{&quot;start&quot;:20,&quot;end&quot;:80}},&quot;background_motion_fx_devices&quot;:[&quot;widescreen&quot;,&quot;desktop&quot;,&quot;laptop&quot;,&quot;tablet_extra&quot;,&quot;tablet&quot;,&quot;mobile_extra&quot;,&quot;mobile&quot;]}\">\n\t\t\t\t<div class=\"elementor-element elementor-element-284c718f elementor-invisible elementor-widget elementor-widget-image\" data-id=\"284c718f\" data-element_type=\"widget\" data-e-type=\"widget\" data-settings=\"{&quot;_animation&quot;:&quot;zoomIn&quot;}\" data-widget_type=\"image.default\">\n\t\t\t\t<div class=\"elementor-widget-container\">\n\t\t\t\t\t\t\t\t\t\t\t\t\t\t\t<img fetchpriority=\"high\" decoding=\"async\" width=\"600\" height=\"600\" src=\"https:\/\/makarska-info.hr\/wp-content\/uploads\/2025\/03\/FR.png\" class=\"attachment-full size-full wp-image-14914\" alt=\"\" srcset=\"https:\/\/makarska-info.hr\/wp-content\/uploads\/2025\/03\/FR.png 600w, https:\/\/makarska-info.hr\/wp-content\/uploads\/2025\/03\/FR-300x300.png 300w, https:\/\/makarska-info.hr\/wp-content\/uploads\/2025\/03\/FR-150x150.png 150w\" sizes=\"(max-width: 600px) 100vw, 600px\" \/>\t\t\t\t\t\t\t\t\t\t\t\t\t\t\t<\/div>\n\t\t\t\t<\/div>\n\t\t\t\t<\/div>\n\t\t\t\t<\/div>\n\t\t<div class=\"elementor-element elementor-element-2261814f e-con-full e-flex e-con e-parent\" data-id=\"2261814f\" data-element_type=\"container\" data-e-type=\"container\">\n\t\t\t\t<div class=\"elementor-element elementor-element-7392f33b elementor-widget__width-inherit elementor-widget elementor-widget-google_maps\" data-id=\"7392f33b\" data-element_type=\"widget\" data-e-type=\"widget\" data-widget_type=\"google_maps.default\">\n\t\t\t\t<div class=\"elementor-widget-container\">\n\t\t\t\t\t\t\t<div class=\"elementor-custom-embed\">\n\t\t\t<iframe loading=\"lazy\"\n\t\t\t\t\tsrc=\"https:\/\/maps.google.com\/maps?q=Franjeva%C4%8Dki%20samostan%20Makarska&#038;t=m&#038;z=15&#038;output=embed&#038;iwloc=near\"\n\t\t\t\t\ttitle=\"Franjeva\u010dki samostan Makarska\"\n\t\t\t\t\taria-label=\"Franjeva\u010dki samostan Makarska\"\n\t\t\t><\/iframe>\n\t\t<\/div>\n\t\t\t\t\t\t<\/div>\n\t\t\t\t<\/div>\n\t\t\t\t<\/div>\n\t\t\t\t<\/div>\n\t\t","protected":false},"excerpt":{"rendered":"<p>FRANJEVA\u010cKI SAMOSTAN Na ju\u017enoj strani makarske luke smjestio se Franjeva\u010dki samostan Bla\u017eene Djevice Marije, jedan od najva\u017enijih kulturnih i duhovnih sredi\u0161ta Makarske rivijere. Njegova gradnja zapo\u010dela je 1502. godine, a&hellip;&nbsp;<a href=\"https:\/\/makarska-info.hr\/en\/franjevacki-samostan\/\" rel=\"bookmark\">Read More &raquo;<span class=\"screen-reader-text\">Franjeva\u010dki samostan<\/span><\/a><\/p>","protected":false},"author":1,"featured_media":0,"parent":0,"menu_order":0,"comment_status":"closed","ping_status":"closed","template":"","meta":{"neve_meta_sidebar":"","neve_meta_container":"","neve_meta_enable_content_width":"","neve_meta_content_width":0,"neve_meta_title_alignment":"","neve_meta_author_avatar":"","neve_post_elements_order":"","neve_meta_disable_header":"","neve_meta_disable_footer":"","neve_meta_disable_title":"","footnotes":""},"class_list":["post-14909","page","type-page","status-publish","hentry"],"_links":{"self":[{"href":"https:\/\/makarska-info.hr\/en\/wp-json\/wp\/v2\/pages\/14909","targetHints":{"allow":["GET"]}}],"collection":[{"href":"https:\/\/makarska-info.hr\/en\/wp-json\/wp\/v2\/pages"}],"about":[{"href":"https:\/\/makarska-info.hr\/en\/wp-json\/wp\/v2\/types\/page"}],"author":[{"embeddable":true,"href":"https:\/\/makarska-info.hr\/en\/wp-json\/wp\/v2\/users\/1"}],"replies":[{"embeddable":true,"href":"https:\/\/makarska-info.hr\/en\/wp-json\/wp\/v2\/comments?post=14909"}],"version-history":[{"count":10,"href":"https:\/\/makarska-info.hr\/en\/wp-json\/wp\/v2\/pages\/14909\/revisions"}],"predecessor-version":[{"id":22370,"href":"https:\/\/makarska-info.hr\/en\/wp-json\/wp\/v2\/pages\/14909\/revisions\/22370"}],"wp:attachment":[{"href":"https:\/\/makarska-info.hr\/en\/wp-json\/wp\/v2\/media?parent=14909"}],"curies":[{"name":"wp","href":"https:\/\/api.w.org\/{rel}","templated":true}]}}

Franjevački samostan

<div data-elementor-type="wp-page" data-elementor-id="14909" class="elementor elementor-14909" data-elementor-post-type="page">
				<div class="elementor-element elementor-element-3cd4fdde e-con-full e-flex e-con e-parent" data-id="3cd4fdde" data-element_type="container" data-e-type="container" data-settings="{&quot;background_background&quot;:&quot;classic&quot;}">
				</div>
		<div class="elementor-element elementor-element-1228790e e-con-full e-flex e-con e-parent" data-id="1228790e" data-element_type="container" data-e-type="container">
		<div class="elementor-element elementor-element-32c100a0 e-con-full elementor-hidden-mobile_extra elementor-hidden-mobile e-flex e-con e-child" data-id="32c100a0" data-element_type="container" data-e-type="container" data-settings="{&quot;background_background&quot;:&quot;classic&quot;}">
				</div>
		<div class="elementor-element elementor-element-41c2e69a e-con-full e-flex e-con e-child" data-id="41c2e69a" data-element_type="container" data-e-type="container">
				<div class="elementor-element elementor-element-5224e294 elementor-widget__width-initial elementor-widget elementor-widget-heading" data-id="5224e294" data-element_type="widget" data-e-type="widget" data-widget_type="heading.default">
				<div class="elementor-widget-container">
					<h1 class="elementor-heading-title elementor-size-default">FRANJEVAČKI SAMOSTAN</h1>				</div>
				</div>
				<div class="elementor-element elementor-element-7a0e4ba0 elementor-widget__width-initial elementor-widget-mobile__width-initial elementor-widget elementor-widget-text-editor" data-id="7a0e4ba0" data-element_type="widget" data-e-type="widget" data-widget_type="text-editor.default">
				<div class="elementor-widget-container">
									<p>Na južnoj strani makarske luke smjestio se Franjevački samostan Blažene Djevice Marije, jedan od najvažnijih kulturnih i duhovnih središta Makarske rivijere. Njegova gradnja započela je 1502. godine, a tijekom stoljeća doživio je brojne nadogradnje i preinake. Uz samostan su izgrađeni crkva, klaustar i zvonik. Franjevci su u Makarsku došli krajem 15. stoljeća i u početku su živjeli izvan tadašnjeg naselja, pokraj crkve sv. Marije. Godine 1518. njihovo je prebivalište službeno proglašeno samostanom. Međutim, turbulentna povijest ostavila je traga na ovom zdanju. Tijekom Ciparskog rata (1570. – 1573.), Mlečani su iz vojnih razloga porušili samostan 1572. godine, a ubrzo nakon toga Turci su srušili i crkvu.</p>								</div>
				</div>
				</div>
				</div>
		<div class="elementor-element elementor-element-35449025 e-con-full e-flex e-con e-parent" data-id="35449025" data-element_type="container" data-e-type="container">
		<div class="elementor-element elementor-element-3e55148a e-con-full e-flex e-con e-child" data-id="3e55148a" data-element_type="container" data-e-type="container">
		<div class="elementor-element elementor-element-730dc9ad e-con-full e-flex e-con e-child" data-id="730dc9ad" data-element_type="container" data-e-type="container">
				<div class="elementor-element elementor-element-294a72e0 elementor-widget__width-initial elementor-widget-mobile__width-initial elementor-widget elementor-widget-text-editor" data-id="294a72e0" data-element_type="widget" data-e-type="widget" data-widget_type="text-editor.default">
				<div class="elementor-widget-container">
									<p>Tijekom Kandijskog rata u 17. stoljeću, Turci su zapalili dio samostana i crkve, a dodatna oštećenja nastala su 1667. godine uslijed snažnog potresa. Unatoč brojnim nedaćama, samostan je obnovljen i očuvan do danas.  Jedna od najvećih vrijednosti Franjevačkog samostana jest njegova bogata knjižnica, koja sadrži oko 5000 knjiga, uključujući 24 inkunabule, rijetke rukopise i brojne časopise. Ova zbirka svjedoči o višestoljetnom intelektualnom i duhovnom doprinosu franjevaca u Makarskoj i šire. Danas samostan predstavlja nezaobilazno mjesto za sve koji žele istražiti povijest, kulturu i duhovnu baštinu Makarske. Njegova impozantna arhitektura, zbirke i mirna atmosfera čine ga savršenim odredištem za posjetitelje koji žele osjetiti duh prošlih vremena i bogatu tradiciju franjevačkog reda.</p>								</div>
				</div>
				</div>
				</div>
		<div class="elementor-element elementor-element-58ec184d e-con-full e-flex e-con e-child" data-id="58ec184d" data-element_type="container" data-e-type="container" data-settings="{&quot;background_background&quot;:&quot;classic&quot;,&quot;background_motion_fx_motion_fx_scrolling&quot;:&quot;yes&quot;,&quot;background_motion_fx_opacity_effect&quot;:&quot;yes&quot;,&quot;background_motion_fx_opacity_level&quot;:{&quot;unit&quot;:&quot;px&quot;,&quot;size&quot;:5.9,&quot;sizes&quot;:[]},&quot;background_motion_fx_opacity_direction&quot;:&quot;out-in&quot;,&quot;background_motion_fx_opacity_range&quot;:{&quot;unit&quot;:&quot;%&quot;,&quot;size&quot;:&quot;&quot;,&quot;sizes&quot;:{&quot;start&quot;:20,&quot;end&quot;:80}},&quot;background_motion_fx_devices&quot;:[&quot;widescreen&quot;,&quot;desktop&quot;,&quot;laptop&quot;,&quot;tablet_extra&quot;,&quot;tablet&quot;,&quot;mobile_extra&quot;,&quot;mobile&quot;]}">
				<div class="elementor-element elementor-element-284c718f elementor-invisible elementor-widget elementor-widget-image" data-id="284c718f" data-element_type="widget" data-e-type="widget" data-settings="{&quot;_animation&quot;:&quot;zoomIn&quot;}" data-widget_type="image.default">
				<div class="elementor-widget-container">
															<img fetchpriority="high" decoding="async" width="600" height="600" src="https://makarska-info.hr/wp-content/uploads/2025/03/FR.png" class="attachment-full size-full wp-image-14914" alt="" srcset="https://makarska-info.hr/wp-content/uploads/2025/03/FR.png 600w, https://makarska-info.hr/wp-content/uploads/2025/03/FR-300x300.png 300w, https://makarska-info.hr/wp-content/uploads/2025/03/FR-150x150.png 150w" sizes="(max-width: 600px) 100vw, 600px" />															</div>
				</div>
				</div>
				</div>
		<div class="elementor-element elementor-element-2261814f e-con-full e-flex e-con e-parent" data-id="2261814f" data-element_type="container" data-e-type="container">
				<div class="elementor-element elementor-element-7392f33b elementor-widget__width-inherit elementor-widget elementor-widget-google_maps" data-id="7392f33b" data-element_type="widget" data-e-type="widget" data-widget_type="google_maps.default">
				<div class="elementor-widget-container">
							<div class="elementor-custom-embed">
			<iframe loading="lazy"
					src="https://maps.google.com/maps?q=Franjeva%C4%8Dki%20samostan%20Makarska&#038;t=m&#038;z=15&#038;output=embed&#038;iwloc=near"
					title="Franjevački samostan Makarska"
					aria-label="Franjevački samostan Makarska"
			></iframe>
		</div>
						</div>
				</div>
				</div>
				</div>

<p>FRANJEVAČKI SAMOSTAN Na južnoj strani makarske luke smjestio se Franjevački samostan Blažene Djevice Marije, jedan od najvažnijih kulturnih i duhovnih središta Makarske rivijere. Njegova gradnja započela je 1502. godine, a&hellip;&nbsp;<a href="https://makarska-info.hr/en/franjevacki-samostan/" rel="bookmark">Read More &raquo;<span class="screen-reader-text">Franjevački samostan</span></a></p>
