{"id":22772,"date":"2026-03-16T07:57:51","date_gmt":"2026-03-16T06:57:51","guid":{"rendered":"https:\/\/makarska-info.hr\/?post_type=tribe_events&#038;p=22772"},"modified":"2026-04-09T13:32:31","modified_gmt":"2026-04-09T12:32:31","slug":"gradska-glazba-makarska-200-nota-za-200-godina","status":"publish","type":"tribe_events","link":"https:\/\/makarska-info.hr\/en\/dogadaj\/gradska-glazba-makarska-200-nota-za-200-godina\/","title":{"rendered":"City Band Makarska \/ 200 Notes for 200 Years"},"content":{"rendered":"<p>As part of the celebration marking 200 years of the City Band of Makarska, a ceremonial gathering of four brass bands from different towns will take place. The ensembles will assemble in a parade that will conclude with a concert at Tina Ujevi\u0107 Square. Citizens are invited to join and enjoy the musical harmony celebrating the long-standing tradition and cultural heritage of Makarska.<\/p>\n<p><strong>17:00<\/strong> \u2013 Parade of orchestras along the Makarska waterfront<br \/>\n<strong>17:20<\/strong> \u2013 Performance of a joint composition \u2013 Ka\u010di\u0107 Square<br \/>\n<strong>17:30<\/strong> Ceremonial speech and unveiling of the commemorative plaque, concert of all orchestras \u2013 Tin Ujevi\u0107 Square<\/p>","protected":false},"excerpt":{"rendered":"<p>Dio proslave 200 godina Gradske glazbe Makarska bit \u0107e sve\u010dana smotra \u010detiri limene glazbe iz razli\u010ditih mjesta. Ansambli \u0107e se okupiti u mimohodu koji zavr\u0161ava koncertom na Trgu Tina Ujevi\u0107a,&hellip;&nbsp;<a href=\"https:\/\/makarska-info.hr\/en\/dogadaj\/gradska-glazba-makarska-200-nota-za-200-godina\/\" rel=\"bookmark\">Read More &raquo;<span class=\"screen-reader-text\">City Band Makarska \/ 200 Notes for 200 Years<\/span><\/a><\/p>","protected":false},"author":1,"featured_media":0,"template":"","meta":{"neve_meta_sidebar":"","neve_meta_container":"","neve_meta_enable_content_width":"","neve_meta_content_width":0,"neve_meta_title_alignment":"","neve_meta_author_avatar":"","neve_post_elements_order":"","neve_meta_disable_header":"","neve_meta_disable_footer":"","neve_meta_disable_title":"","_tribe_events_status":"","_tribe_events_status_reason":"","footnotes":""},"tags":[],"tribe_events_cat":[],"class_list":["post-22772","tribe_events","type-tribe_events","status-publish","hentry"],"_links":{"self":[{"href":"https:\/\/makarska-info.hr\/en\/wp-json\/wp\/v2\/tribe_events\/22772","targetHints":{"allow":["GET"]}}],"collection":[{"href":"https:\/\/makarska-info.hr\/en\/wp-json\/wp\/v2\/tribe_events"}],"about":[{"href":"https:\/\/makarska-info.hr\/en\/wp-json\/wp\/v2\/types\/tribe_events"}],"author":[{"embeddable":true,"href":"https:\/\/makarska-info.hr\/en\/wp-json\/wp\/v2\/users\/1"}],"version-history":[{"count":3,"href":"https:\/\/makarska-info.hr\/en\/wp-json\/wp\/v2\/tribe_events\/22772\/revisions"}],"predecessor-version":[{"id":23049,"href":"https:\/\/makarska-info.hr\/en\/wp-json\/wp\/v2\/tribe_events\/22772\/revisions\/23049"}],"wp:attachment":[{"href":"https:\/\/makarska-info.hr\/en\/wp-json\/wp\/v2\/media?parent=22772"}],"wp:term":[{"taxonomy":"post_tag","embeddable":true,"href":"https:\/\/makarska-info.hr\/en\/wp-json\/wp\/v2\/tags?post=22772"},{"taxonomy":"tribe_events_cat","embeddable":true,"href":"https:\/\/makarska-info.hr\/en\/wp-json\/wp\/v2\/tribe_events_cat?post=22772"}],"curies":[{"name":"wp","href":"https:\/\/api.w.org\/{rel}","templated":true}]}}

<p>As part of the celebration marking 200 years of the City Band of Makarska, a ceremonial gathering of four brass bands from different towns will take place. The ensembles will assemble in a parade that will conclude with a concert at Tina Ujević Square. Citizens are invited to join and enjoy the musical harmony celebrating the long-standing tradition and cultural heritage of Makarska.</p>
<p><strong>17:00</strong> – Parade of orchestras along the Makarska waterfront<br />
<strong>17:20</strong> – Performance of a joint composition – Kačić Square<br />
<strong>17:30</strong> Ceremonial speech and unveiling of the commemorative plaque, concert of all orchestras – Tin Ujević Square</p>

<p>Dio proslave 200 godina Gradske glazbe Makarska bit će svečana smotra četiri limene glazbe iz različitih mjesta. Ansambli će se okupiti u mimohodu koji završava koncertom na Trgu Tina Ujevića,&hellip;&nbsp;<a href="https://makarska-info.hr/en/dogadaj/gradska-glazba-makarska-200-nota-za-200-godina/" rel="bookmark">Read More &raquo;<span class="screen-reader-text">City Band Makarska / 200 Notes for 200 Years</span></a></p>
