{"id":22776,"date":"2026-03-16T08:04:32","date_gmt":"2026-03-16T07:04:32","guid":{"rendered":"https:\/\/makarska-info.hr\/?post_type=tribe_events&#038;p=22776"},"modified":"2026-04-10T08:36:02","modified_gmt":"2026-04-10T07:36:02","slug":"dan-planeta-zemlje-zasadi","status":"publish","type":"tribe_events","link":"https:\/\/makarska-info.hr\/en\/dogadaj\/dan-planeta-zemlje-zasadi\/","title":{"rendered":"Earth Day"},"content":{"rendered":"<p>On the occasion of Earth Day, the importance of environmental protection will once again be presented to citizens in a special way. The activities will include the distribution of seedlings and seeds, as well as educational content aimed at encouraging environmental awareness and care for nature.<\/p>\n<p><strong>9:30<\/strong> \u2013 Workshop \u2013 Making and distributing seed balls (All materials included)<\/p>\n<p><strong>11:00<\/strong> \u2013 Distribution of seedlings and seeds<\/p>","protected":false},"excerpt":{"rendered":"<p>Povodom obilje\u017eavanja Dana planeta Zemlje i ove \u0107e se godine gra\u0111anima na poseban na\u010din pribli\u017eiti va\u017enost o\u010duvanja okoli\u0161a. Aktivnosti \u0107e uklju\u010divati podjelu sadnica i sjemena te edukativne sadr\u017eaje kojima se&hellip;&nbsp;<a href=\"https:\/\/makarska-info.hr\/en\/dogadaj\/dan-planeta-zemlje-zasadi\/\" rel=\"bookmark\">Read More &raquo;<span class=\"screen-reader-text\">Earth Day<\/span><\/a><\/p>","protected":false},"author":1,"featured_media":0,"template":"","meta":{"neve_meta_sidebar":"","neve_meta_container":"","neve_meta_enable_content_width":"","neve_meta_content_width":0,"neve_meta_title_alignment":"","neve_meta_author_avatar":"","neve_post_elements_order":"","neve_meta_disable_header":"","neve_meta_disable_footer":"","neve_meta_disable_title":"","_tribe_events_status":"","_tribe_events_status_reason":"","footnotes":""},"tags":[],"tribe_events_cat":[],"class_list":["post-22776","tribe_events","type-tribe_events","status-publish","hentry"],"_links":{"self":[{"href":"https:\/\/makarska-info.hr\/en\/wp-json\/wp\/v2\/tribe_events\/22776","targetHints":{"allow":["GET"]}}],"collection":[{"href":"https:\/\/makarska-info.hr\/en\/wp-json\/wp\/v2\/tribe_events"}],"about":[{"href":"https:\/\/makarska-info.hr\/en\/wp-json\/wp\/v2\/types\/tribe_events"}],"author":[{"embeddable":true,"href":"https:\/\/makarska-info.hr\/en\/wp-json\/wp\/v2\/users\/1"}],"version-history":[{"count":3,"href":"https:\/\/makarska-info.hr\/en\/wp-json\/wp\/v2\/tribe_events\/22776\/revisions"}],"predecessor-version":[{"id":23057,"href":"https:\/\/makarska-info.hr\/en\/wp-json\/wp\/v2\/tribe_events\/22776\/revisions\/23057"}],"wp:attachment":[{"href":"https:\/\/makarska-info.hr\/en\/wp-json\/wp\/v2\/media?parent=22776"}],"wp:term":[{"taxonomy":"post_tag","embeddable":true,"href":"https:\/\/makarska-info.hr\/en\/wp-json\/wp\/v2\/tags?post=22776"},{"taxonomy":"tribe_events_cat","embeddable":true,"href":"https:\/\/makarska-info.hr\/en\/wp-json\/wp\/v2\/tribe_events_cat?post=22776"}],"curies":[{"name":"wp","href":"https:\/\/api.w.org\/{rel}","templated":true}]}}

<p>Povodom obilježavanja Dana planeta Zemlje i ove će se godine građanima na poseban način približiti važnost očuvanja okoliša. Aktivnosti će uključivati podjelu sadnica i sjemena te edukativne sadržaje kojima se&hellip;&nbsp;<a href="https://makarska-info.hr/en/dogadaj/dan-planeta-zemlje-zasadi/" rel="bookmark">Read More &raquo;<span class="screen-reader-text">Earth Day</span></a></p>
